{"id":102,"date":"2022-08-02T19:03:26","date_gmt":"2022-08-02T19:03:26","guid":{"rendered":"http:\/\/www.unmerhavalandirma.com\/?page_id=102"},"modified":"2022-08-02T20:00:04","modified_gmt":"2022-08-02T20:00:04","slug":"celtik-ayirici","status":"publish","type":"page","link":"http:\/\/www.unmerhavalandirma.com\/index.php\/celtik-ayirici\/","title":{"rendered":"\u00c7ELT\u0130K AYIRICI"},"content":{"rendered":"\n<p><strong>\u00c7ELT\u0130K AYIRICI \/ PADDY SEPERATOR<\/strong><\/p>\n\n\n\n<p>\u00c7eltik ay\u0131r\u0131c\u0131 makine kar\u0131\u015f\u0131k vaziyetteki iki \u00fcr\u00fcn aras\u0131ndaki \u00f6zg\u00fcl a\u011f\u0131rl\u0131k ve \u00fcr\u00fcn\u00fcn d\u0131\u015f y\u00fczey yap\u0131 fark\u0131n\u0131n kullan\u0131larak \u00f6zel tasar\u0131m girintili elek sistemi yard\u0131m\u0131yla y\u00fcksek verimlilikte kargo pirin\u00e7 ve \u00e7elti\u011fi birbirinden ay\u0131r\u0131lmas\u0131 i\u015flemini ger\u00e7ekle\u015ftirmektedir.<\/p>\n\n\n\n<figure class=\"wp-block-image size-large\"><img loading=\"lazy\" width=\"1024\" height=\"512\" src=\"http:\/\/www.unmerhavalandirma.com\/wp-content\/uploads\/2022\/08\/PADDY-1024x512.jpg\" alt=\"\" class=\"wp-image-158\" srcset=\"http:\/\/www.unmerhavalandirma.com\/wp-content\/uploads\/2022\/08\/PADDY-1024x512.jpg 1024w, http:\/\/www.unmerhavalandirma.com\/wp-content\/uploads\/2022\/08\/PADDY-300x150.jpg 300w, http:\/\/www.unmerhavalandirma.com\/wp-content\/uploads\/2022\/08\/PADDY-768x384.jpg 768w, http:\/\/www.unmerhavalandirma.com\/wp-content\/uploads\/2022\/08\/PADDY-1536x768.jpg 1536w, http:\/\/www.unmerhavalandirma.com\/wp-content\/uploads\/2022\/08\/PADDY-2048x1024.jpg 2048w\" sizes=\"(max-width: 1024px) 100vw, 1024px\" \/><\/figure>\n\n\n\n<p>\u00c7eltik ay\u0131r\u0131c\u0131 makine \u00f6zellikle \u00e7eltik i\u015fleme Tesisleri i\u00e7in dizayn edilmi\u015f olmas\u0131na ra\u011fmen tohum eleme tesisleri ve mercimek i\u015fleme tesislerinde kullan\u0131labilmektedir.<\/p>\n\n\n\n<p>Detayl\u0131 bilgi i\u00e7in <a href=\"http:\/\/www.unmerhavalandirma.com\/wp-content\/uploads\/2022\/08\/PADDY.pdf\">\u00c7eltik Ay\u0131r\u0131c\u0131 \u00dcr\u00fcn Katalo\u011fumuzu<\/a> inceleyebilirsiniz.<\/p>\n\n\n\n<p><\/p>\n","protected":false},"excerpt":{"rendered":"<p>\u00c7ELT\u0130K AYIRICI \/ PADDY SEPERATOR \u00c7eltik ay\u0131r\u0131c\u0131 makine kar\u0131\u015f\u0131k vaziyetteki iki \u00fcr\u00fcn aras\u0131ndaki \u00f6zg\u00fcl a\u011f\u0131rl\u0131k ve \u00fcr\u00fcn\u00fcn d\u0131\u015f y\u00fczey yap\u0131 fark\u0131n\u0131n kullan\u0131larak \u00f6zel tasar\u0131m girintili elek sistemi yard\u0131m\u0131yla y\u00fcksek verimlilikte kargo pirin\u00e7 ve \u00e7elti\u011fi birbirinden ay\u0131r\u0131lmas\u0131 i\u015flemini ger\u00e7ekle\u015ftirmektedir. \u00c7eltik ay\u0131r\u0131c\u0131 makine \u00f6zellikle \u00e7eltik i\u015fleme Tesisleri i\u00e7in dizayn edilmi\u015f olmas\u0131na ra\u011fmen tohum eleme tesisleri ve mercimek [&hellip;]<\/p>\n","protected":false},"author":1,"featured_media":0,"parent":0,"menu_order":0,"comment_status":"closed","ping_status":"closed","template":"","meta":[],"_links":{"self":[{"href":"http:\/\/www.unmerhavalandirma.com\/index.php\/wp-json\/wp\/v2\/pages\/102"}],"collection":[{"href":"http:\/\/www.unmerhavalandirma.com\/index.php\/wp-json\/wp\/v2\/pages"}],"about":[{"href":"http:\/\/www.unmerhavalandirma.com\/index.php\/wp-json\/wp\/v2\/types\/page"}],"author":[{"embeddable":true,"href":"http:\/\/www.unmerhavalandirma.com\/index.php\/wp-json\/wp\/v2\/users\/1"}],"replies":[{"embeddable":true,"href":"http:\/\/www.unmerhavalandirma.com\/index.php\/wp-json\/wp\/v2\/comments?post=102"}],"version-history":[{"count":3,"href":"http:\/\/www.unmerhavalandirma.com\/index.php\/wp-json\/wp\/v2\/pages\/102\/revisions"}],"predecessor-version":[{"id":171,"href":"http:\/\/www.unmerhavalandirma.com\/index.php\/wp-json\/wp\/v2\/pages\/102\/revisions\/171"}],"wp:attachment":[{"href":"http:\/\/www.unmerhavalandirma.com\/index.php\/wp-json\/wp\/v2\/media?parent=102"}],"curies":[{"name":"wp","href":"https:\/\/api.w.org\/{rel}","templated":true}]}}