{"id":104,"date":"2022-08-02T19:03:48","date_gmt":"2022-08-02T19:03:48","guid":{"rendered":"http:\/\/www.unmerhavalandirma.com\/?page_id=104"},"modified":"2022-08-02T19:54:25","modified_gmt":"2022-08-02T19:54:25","slug":"cift-kefe-kantar","status":"publish","type":"page","link":"http:\/\/www.unmerhavalandirma.com\/index.php\/cift-kefe-kantar\/","title":{"rendered":"\u00c7\u0130FT KEFE KANTAR"},"content":{"rendered":"\n<p><strong>\u00c7\u0130FT KEFE KANTAR<\/strong><\/p>\n\n\n\n<p>\u00c7ift Terazili \u00c7uvallama Kantar\u0131 hassas ve h\u0131zl\u0131 tart\u0131m modunda yava\u015f devire ge\u00e7i\u015f yapar. \u00c7uvallanacak olan \u00fcr\u00fcne ve silo kapasitesine g\u00f6re en ideal ayar otomatik olarak tamamlan\u0131r. \u00c7uval ve torba boyutlar: 5 ile 50 kg aras\u0131 \u00e7uval ve torbalara dolum yap\u0131labilir. <\/p>\n\n\n\n<figure class=\"wp-block-image size-full\"><img loading=\"lazy\" width=\"876\" height=\"862\" src=\"http:\/\/www.unmerhavalandirma.com\/wp-content\/uploads\/2022\/08\/Basliksiz-1.jpg\" alt=\"\" class=\"wp-image-162\" srcset=\"http:\/\/www.unmerhavalandirma.com\/wp-content\/uploads\/2022\/08\/Basliksiz-1.jpg 876w, http:\/\/www.unmerhavalandirma.com\/wp-content\/uploads\/2022\/08\/Basliksiz-1-300x295.jpg 300w, http:\/\/www.unmerhavalandirma.com\/wp-content\/uploads\/2022\/08\/Basliksiz-1-768x756.jpg 768w\" sizes=\"(max-width: 876px) 100vw, 876px\" \/><\/figure>\n\n\n\n<p>Toplam \u00e7uvallanan \u00fcr\u00fcn \u00e7uval say\u0131s\u0131 istenildi\u011fine ekrandan takip edilebilinir. Hazne i\u00e7erisinde bulunan sens\u00f6rler sayesinde doluluk oran\u0131 otomatik olarak kontrol edilir.<br>\u00c7ift Terazili \u00c7uvallama Kantar\u0131 i\u00e7erisindeki PLC (Kontrol \u00dcnitesi) sayesinde Mekanin olan kapaklardan gelen bilgilerle ortaya \u00e7\u0131kan a\u00e7ma kapama hatalar\u0131 g\u00f6zlemlenebilinir.<\/p>\n\n\n\n<p>Detayl\u0131 bilgi i\u00e7in <a href=\"http:\/\/unmerhavalandirma.com\/wp-content\/uploads\/2022\/08\/cift-kefe-kantar.pdf\">\u00c7ift Kefe Kantar \u00dcr\u00fcn Katalo\u011fumuzu<\/a> inceleyebilirsiniz.<\/p>\n","protected":false},"excerpt":{"rendered":"<p>\u00c7\u0130FT KEFE KANTAR \u00c7ift Terazili \u00c7uvallama Kantar\u0131 hassas ve h\u0131zl\u0131 tart\u0131m modunda yava\u015f devire ge\u00e7i\u015f yapar. \u00c7uvallanacak olan \u00fcr\u00fcne ve silo kapasitesine g\u00f6re en ideal ayar otomatik olarak tamamlan\u0131r. \u00c7uval ve torba boyutlar: 5 ile 50 kg aras\u0131 \u00e7uval ve torbalara dolum yap\u0131labilir. Toplam \u00e7uvallanan \u00fcr\u00fcn \u00e7uval say\u0131s\u0131 istenildi\u011fine ekrandan takip edilebilinir. Hazne i\u00e7erisinde bulunan [&hellip;]<\/p>\n","protected":false},"author":1,"featured_media":0,"parent":0,"menu_order":0,"comment_status":"closed","ping_status":"closed","template":"","meta":[],"_links":{"self":[{"href":"http:\/\/www.unmerhavalandirma.com\/index.php\/wp-json\/wp\/v2\/pages\/104"}],"collection":[{"href":"http:\/\/www.unmerhavalandirma.com\/index.php\/wp-json\/wp\/v2\/pages"}],"about":[{"href":"http:\/\/www.unmerhavalandirma.com\/index.php\/wp-json\/wp\/v2\/types\/page"}],"author":[{"embeddable":true,"href":"http:\/\/www.unmerhavalandirma.com\/index.php\/wp-json\/wp\/v2\/users\/1"}],"replies":[{"embeddable":true,"href":"http:\/\/www.unmerhavalandirma.com\/index.php\/wp-json\/wp\/v2\/comments?post=104"}],"version-history":[{"count":4,"href":"http:\/\/www.unmerhavalandirma.com\/index.php\/wp-json\/wp\/v2\/pages\/104\/revisions"}],"predecessor-version":[{"id":166,"href":"http:\/\/www.unmerhavalandirma.com\/index.php\/wp-json\/wp\/v2\/pages\/104\/revisions\/166"}],"wp:attachment":[{"href":"http:\/\/www.unmerhavalandirma.com\/index.php\/wp-json\/wp\/v2\/media?parent=104"}],"curies":[{"name":"wp","href":"https:\/\/api.w.org\/{rel}","templated":true}]}}