{"id":112,"date":"2022-08-02T19:05:14","date_gmt":"2022-08-02T19:05:14","guid":{"rendered":"http:\/\/www.unmerhavalandirma.com\/?page_id=112"},"modified":"2022-08-02T20:20:40","modified_gmt":"2022-08-02T20:20:40","slug":"hucreli-aspirator","status":"publish","type":"page","link":"http:\/\/www.unmerhavalandirma.com\/index.php\/hucreli-aspirator\/","title":{"rendered":"H\u00dcCREL\u0130 ASP\u0130RAT\u00d6R"},"content":{"rendered":"\n<p><\/p>\n\n\n\n<h1><\/h1>\n\n\n\n<p><strong>H\u00dcCREL\u0130 FANLAR VEYA KAB\u0130NL\u0130 FANLAR<\/strong><\/p>\n\n\n\n<p>Havaland\u0131rma sekt\u00f6r\u00fcnde \u00f6nemli s\u0131n\u0131flardan birisi h\u00fccreli fanlar \/ h\u00fccreli aspirat\u00f6rlerdir.H\u00fccreli tip fanlar da yal\u0131t\u0131lm\u0131\u015f bir kabin bulunmaktad\u0131r. B\u00f6ylelikle korunmu\u015f bir i\u00e7 odac\u0131k yap\u0131s\u0131 olu\u015fturulmu\u015ftur. Bu odac\u0131k yani h\u00fccre sayesinde ses seviyesi azal\u0131r. Bununla birlikte\u00a0H\u00fccreli fan\u0131n elektrik motoru, kay\u0131\u015f ve kasnak gibi aksamlar\u0131 izole olur ve zararl\u0131 olabilecek d\u0131\u015f etkenlere (ya\u011f\u0131\u015f, s\u0131cak, so\u011fuk, r\u00fczgar, toz, par\u00e7ac\u0131k vb.) maruz kalmaz.\u00a0<\/p>\n\n\n<div class=\"wp-block-image\">\n<figure class=\"alignleft size-full is-resized\"><img loading=\"lazy\" src=\"http:\/\/www.unmerhavalandirma.com\/wp-content\/uploads\/2022\/08\/KABINLI.jpg\" alt=\"\" class=\"wp-image-182\" width=\"427\" height=\"427\" srcset=\"http:\/\/www.unmerhavalandirma.com\/wp-content\/uploads\/2022\/08\/KABINLI.jpg 800w, http:\/\/www.unmerhavalandirma.com\/wp-content\/uploads\/2022\/08\/KABINLI-300x300.jpg 300w, http:\/\/www.unmerhavalandirma.com\/wp-content\/uploads\/2022\/08\/KABINLI-150x150.jpg 150w, http:\/\/www.unmerhavalandirma.com\/wp-content\/uploads\/2022\/08\/KABINLI-768x768.jpg 768w\" sizes=\"(max-width: 427px) 100vw, 427px\" \/><\/figure><\/div>\n\n\n<p>G\u00f6zetleme cam\u0131 bulunan H\u00fccreli aspirat\u00f6rlerin bak\u0131mlar\u0131 kolayd\u0131r. Filtreler uygulanarak istenilen havaland\u0131rma kalitesine ula\u015f\u0131labilir. H\u00fccreli fanlar, S\u0131k kanatl\u0131 h\u00fccreli fanlar, Seyrek kanatl\u0131 h\u00fccreli fanlar olarak iki ana yap\u0131ya ayr\u0131l\u0131rlar. H\u00fccreli fanlara kullan\u0131m ihtiyac\u0131na g\u00f6re her t\u00fcrl\u00fc filtre uygulanmas\u0131 m\u00fcmk\u00fcnd\u00fcr. Havaland\u0131rma Fan\u0131 olarak kullan\u0131lmaktad\u0131r.<\/p>\n","protected":false},"excerpt":{"rendered":"<p>H\u00dcCREL\u0130 FANLAR VEYA KAB\u0130NL\u0130 FANLAR Havaland\u0131rma sekt\u00f6r\u00fcnde \u00f6nemli s\u0131n\u0131flardan birisi h\u00fccreli fanlar \/ h\u00fccreli aspirat\u00f6rlerdir.H\u00fccreli tip fanlar da yal\u0131t\u0131lm\u0131\u015f bir kabin bulunmaktad\u0131r. B\u00f6ylelikle korunmu\u015f bir i\u00e7 odac\u0131k yap\u0131s\u0131 olu\u015fturulmu\u015ftur. Bu odac\u0131k yani h\u00fccre sayesinde ses seviyesi azal\u0131r. Bununla birlikte\u00a0H\u00fccreli fan\u0131n elektrik motoru, kay\u0131\u015f ve kasnak gibi aksamlar\u0131 izole olur ve zararl\u0131 olabilecek d\u0131\u015f etkenlere (ya\u011f\u0131\u015f, [&hellip;]<\/p>\n","protected":false},"author":1,"featured_media":0,"parent":0,"menu_order":0,"comment_status":"closed","ping_status":"closed","template":"","meta":[],"_links":{"self":[{"href":"http:\/\/www.unmerhavalandirma.com\/index.php\/wp-json\/wp\/v2\/pages\/112"}],"collection":[{"href":"http:\/\/www.unmerhavalandirma.com\/index.php\/wp-json\/wp\/v2\/pages"}],"about":[{"href":"http:\/\/www.unmerhavalandirma.com\/index.php\/wp-json\/wp\/v2\/types\/page"}],"author":[{"embeddable":true,"href":"http:\/\/www.unmerhavalandirma.com\/index.php\/wp-json\/wp\/v2\/users\/1"}],"replies":[{"embeddable":true,"href":"http:\/\/www.unmerhavalandirma.com\/index.php\/wp-json\/wp\/v2\/comments?post=112"}],"version-history":[{"count":3,"href":"http:\/\/www.unmerhavalandirma.com\/index.php\/wp-json\/wp\/v2\/pages\/112\/revisions"}],"predecessor-version":[{"id":183,"href":"http:\/\/www.unmerhavalandirma.com\/index.php\/wp-json\/wp\/v2\/pages\/112\/revisions\/183"}],"wp:attachment":[{"href":"http:\/\/www.unmerhavalandirma.com\/index.php\/wp-json\/wp\/v2\/media?parent=112"}],"curies":[{"name":"wp","href":"https:\/\/api.w.org\/{rel}","templated":true}]}}