{"id":94,"date":"2022-08-02T19:00:58","date_gmt":"2022-08-02T19:00:58","guid":{"rendered":"http:\/\/www.unmerhavalandirma.com\/?page_id=94"},"modified":"2022-08-02T19:57:01","modified_gmt":"2022-08-02T19:57:01","slug":"radyal-salyangoz-fan","status":"publish","type":"page","link":"http:\/\/www.unmerhavalandirma.com\/index.php\/radyal-salyangoz-fan\/","title":{"rendered":"RADYAL SALYANGOZ FAN"},"content":{"rendered":"\n<p><strong>RADYAL SALYANGOZ FAN<\/strong><\/p>\n\n\n\n<p>Merkezka\u00e7 ya da Santrif\u00fcj olarak da adland\u0131r\u0131lan&nbsp;<strong>Radyal Fan<\/strong>, havan\u0131n bu pervanenin bir ya da iki taraf\u0131ndan emilmesi ve pervaneden bas\u0131lan havan\u0131n salyangoz \u015feklinde olan \u00e7\u0131k\u0131\u015f a\u011fz\u0131ndan d\u0131\u015far\u0131 at\u0131lmas\u0131 i\u015flevini g\u00f6r\u00fcr.<\/p>\n\n\n\n<p>Detayl\u0131 bilgi i\u00e7in <a href=\"http:\/\/www.unmerhavalandirma.com\/wp-content\/uploads\/2022\/08\/radyal-fan.pdf\">Radyal Salyangoz Fan \u00dcr\u00fcn Katalo\u011fumuzu <\/a>inceleyebilirsiniz.<\/p>\n\n\n\n<figure class=\"wp-block-image size-large\"><img loading=\"lazy\" width=\"1024\" height=\"576\" src=\"http:\/\/www.unmerhavalandirma.com\/wp-content\/uploads\/2022\/08\/6000m3h_1000pa_deneme1-1024x576.png\" alt=\"\" class=\"wp-image-145\" srcset=\"http:\/\/www.unmerhavalandirma.com\/wp-content\/uploads\/2022\/08\/6000m3h_1000pa_deneme1-1024x576.png 1024w, http:\/\/www.unmerhavalandirma.com\/wp-content\/uploads\/2022\/08\/6000m3h_1000pa_deneme1-300x169.png 300w, http:\/\/www.unmerhavalandirma.com\/wp-content\/uploads\/2022\/08\/6000m3h_1000pa_deneme1-768x432.png 768w, http:\/\/www.unmerhavalandirma.com\/wp-content\/uploads\/2022\/08\/6000m3h_1000pa_deneme1-1536x864.png 1536w, http:\/\/www.unmerhavalandirma.com\/wp-content\/uploads\/2022\/08\/6000m3h_1000pa_deneme1.png 1920w\" sizes=\"(max-width: 1024px) 100vw, 1024px\" \/><\/figure>\n","protected":false},"excerpt":{"rendered":"<p>RADYAL SALYANGOZ FAN Merkezka\u00e7 ya da Santrif\u00fcj olarak da adland\u0131r\u0131lan&nbsp;Radyal Fan, havan\u0131n bu pervanenin bir ya da iki taraf\u0131ndan emilmesi ve pervaneden bas\u0131lan havan\u0131n salyangoz \u015feklinde olan \u00e7\u0131k\u0131\u015f a\u011fz\u0131ndan d\u0131\u015far\u0131 at\u0131lmas\u0131 i\u015flevini g\u00f6r\u00fcr. Detayl\u0131 bilgi i\u00e7in Radyal Salyangoz Fan \u00dcr\u00fcn Katalo\u011fumuzu inceleyebilirsiniz.<\/p>\n","protected":false},"author":1,"featured_media":0,"parent":0,"menu_order":0,"comment_status":"closed","ping_status":"closed","template":"","meta":[],"_links":{"self":[{"href":"http:\/\/www.unmerhavalandirma.com\/index.php\/wp-json\/wp\/v2\/pages\/94"}],"collection":[{"href":"http:\/\/www.unmerhavalandirma.com\/index.php\/wp-json\/wp\/v2\/pages"}],"about":[{"href":"http:\/\/www.unmerhavalandirma.com\/index.php\/wp-json\/wp\/v2\/types\/page"}],"author":[{"embeddable":true,"href":"http:\/\/www.unmerhavalandirma.com\/index.php\/wp-json\/wp\/v2\/users\/1"}],"replies":[{"embeddable":true,"href":"http:\/\/www.unmerhavalandirma.com\/index.php\/wp-json\/wp\/v2\/comments?post=94"}],"version-history":[{"count":3,"href":"http:\/\/www.unmerhavalandirma.com\/index.php\/wp-json\/wp\/v2\/pages\/94\/revisions"}],"predecessor-version":[{"id":168,"href":"http:\/\/www.unmerhavalandirma.com\/index.php\/wp-json\/wp\/v2\/pages\/94\/revisions\/168"}],"wp:attachment":[{"href":"http:\/\/www.unmerhavalandirma.com\/index.php\/wp-json\/wp\/v2\/media?parent=94"}],"curies":[{"name":"wp","href":"https:\/\/api.w.org\/{rel}","templated":true}]}}