{"id":98,"date":"2022-08-02T19:01:47","date_gmt":"2022-08-02T19:01:47","guid":{"rendered":"http:\/\/www.unmerhavalandirma.com\/?page_id=98"},"modified":"2022-08-02T19:58:07","modified_gmt":"2022-08-02T19:58:07","slug":"siklon","status":"publish","type":"page","link":"http:\/\/www.unmerhavalandirma.com\/index.php\/siklon\/","title":{"rendered":"S\u0130KLON"},"content":{"rendered":"\n<p><strong>S\u0130KLON<\/strong><\/p>\n\n\n\n<p>Siklon giri\u015finden y\u00fcksek h\u0131z ile te\u011fet olarak siklona giren tozlu hava, siklon konstr\u00fcksiyonu vas\u0131tas\u0131yla helisel bir ak\u0131\u015f formu verilerek, yo\u011funlu\u011fu ta\u015f\u0131y\u0131c\u0131 ortamdan daha y\u00fcksek olan par\u00e7ac\u0131klar\u0131n merkezka\u00e7 kuvveti ile siklon cidarlar\u0131na y\u00f6nlendirmesi sa\u011flan\u0131r. Siklon i\u00e7indeki ani h\u0131z de\u011fi\u015fimi nedeni ile ataletini kaybeden partik\u00fcller siklon cidar\u0131ndan s\u00fcz\u00fclerek alt konik toplama bunkerine akarlar. Jet Pulse Filtre \u00f6ncesinde kullan\u0131larak b\u00fcy\u00fck par\u00e7ac\u0131klar\u0131n siklon alt\u0131nda toplanmas\u0131 sa\u011flan\u0131r. Jet filtre \u00f6ncesinde kullan\u0131lmas\u0131 filtre malzemelerinin \u00f6mr\u00fcn\u00fc belirgin olarak uzat\u0131r. Paralel ba\u011flamak suretiyle \u00e7e\u015fitli kapasite kombinasyonlar\u0131 da elde edilmektedir.<\/p>\n\n\n\n<p>Kullan\u0131m alanlar\u0131 Metal Sanayi, Maden Sanayi, G\u0131da Sanayi, D\u00f6k\u00fcm Sanayi, A\u011fa\u00e7 Tala\u015f\u0131 vb.<\/p>\n\n\n\n<p>Detayl\u0131 bilgi i\u00e7in <a href=\"http:\/\/www.unmerhavalandirma.com\/wp-content\/uploads\/2022\/08\/siklonn.pdf\">Siklon \u00dcr\u00fcn Katalo\u011fumuzu<\/a> inceleyebilirsiniz.<\/p>\n","protected":false},"excerpt":{"rendered":"<p>S\u0130KLON Siklon giri\u015finden y\u00fcksek h\u0131z ile te\u011fet olarak siklona giren tozlu hava, siklon konstr\u00fcksiyonu vas\u0131tas\u0131yla helisel bir ak\u0131\u015f formu verilerek, yo\u011funlu\u011fu ta\u015f\u0131y\u0131c\u0131 ortamdan daha y\u00fcksek olan par\u00e7ac\u0131klar\u0131n merkezka\u00e7 kuvveti ile siklon cidarlar\u0131na y\u00f6nlendirmesi sa\u011flan\u0131r. Siklon i\u00e7indeki ani h\u0131z de\u011fi\u015fimi nedeni ile ataletini kaybeden partik\u00fcller siklon cidar\u0131ndan s\u00fcz\u00fclerek alt konik toplama bunkerine akarlar. Jet Pulse Filtre [&hellip;]<\/p>\n","protected":false},"author":1,"featured_media":0,"parent":0,"menu_order":0,"comment_status":"closed","ping_status":"closed","template":"","meta":[],"_links":{"self":[{"href":"http:\/\/www.unmerhavalandirma.com\/index.php\/wp-json\/wp\/v2\/pages\/98"}],"collection":[{"href":"http:\/\/www.unmerhavalandirma.com\/index.php\/wp-json\/wp\/v2\/pages"}],"about":[{"href":"http:\/\/www.unmerhavalandirma.com\/index.php\/wp-json\/wp\/v2\/types\/page"}],"author":[{"embeddable":true,"href":"http:\/\/www.unmerhavalandirma.com\/index.php\/wp-json\/wp\/v2\/users\/1"}],"replies":[{"embeddable":true,"href":"http:\/\/www.unmerhavalandirma.com\/index.php\/wp-json\/wp\/v2\/comments?post=98"}],"version-history":[{"count":3,"href":"http:\/\/www.unmerhavalandirma.com\/index.php\/wp-json\/wp\/v2\/pages\/98\/revisions"}],"predecessor-version":[{"id":169,"href":"http:\/\/www.unmerhavalandirma.com\/index.php\/wp-json\/wp\/v2\/pages\/98\/revisions\/169"}],"wp:attachment":[{"href":"http:\/\/www.unmerhavalandirma.com\/index.php\/wp-json\/wp\/v2\/media?parent=98"}],"curies":[{"name":"wp","href":"https:\/\/api.w.org\/{rel}","templated":true}]}}